20
-1425 (base 8) to base 15
-379
What is -20201220 (base 3) in base 11?
-3765
20002300 (base 4) to base 7
165022
What is 110110000 (base 2) in base 10?
432
2a6 (base 12) to base 4
12132
What is 307 (base 11) in base 2?
101110010
What is 101110 (base 2) in base 9?
51
-1a52 (base 15) to base 2
-1011001000110
Convert -d2de (base 16) to base 4.
-31023132
-2609 (base 10) to base 11
-1a62
510 (base 8) to base 6
1304
Convert 4265 (base 7) to base 9.
2065
Convert -22002121 (base 3) to base 2.
-1011100001110
Convert -18426 (base 10) to base 14.
-6a02
What is -143215 (base 7) in base 6?
-331314
-28859 (base 13) to base 5
-4413444
What is -106 (base 15) in base 7?
-450
What is 1345 (base 6) in base 3?
111002
What is -1262 (base 7) in base 6?
-2125
What is 2730 (base 11) in base 10?
3542
What is -14103 (base 7) in base 11?
-2968
What is 1dc (base 15) in base 2?
110110000
20c (base 14) to base 9
488
-791a (base 12) to base 7
-54052
What is -13a8 (base 13) in base 8?
-5432
-13502 (base 10) to base 13
-61b8
Convert 155 (base 10) to base 11.
131
-39a11 (base 11) to base 4
-31330210
What is 1902 (base 10) in base 3?
2121110
What is 10110 (base 2) in base 5?
42
-14124 (base 5) to base 11
-969
-100433 (base 6) to base 12
-4719
Convert -359a (base 11) to base 10.
-4707
What is -201212 (base 4) in base 2?
-100001100110
What is 366 (base 11) in base 13?
276
Convert 1133404 (base 5) to base 4.
11021300
What is -5aaa (base 12) in base 4?
-2133202
What is 242332 (base 5) in base 8?
21604
Convert -1102111 (base 3) to base 12.
-727
Convert -5382 (base 10) to base 4.
-1110012
-11100111100111 (base 2) to base 3
-202100000
Convert 8a0d (base 14) to base 2.
101110101110101
Convert c003 (base 13) to base 7.
136605
Convert 21511 (base 6) to base 11.
2283
80658 (base 10) to base 15
18d73
What is 462 (base 13) in base 7?
2130
1e14 (base 15) to base 14
2556
Convert -421211 (base 6) to base 4.
-20103013
Convert -1001 (base 7) to base 8.
-530
What is -10d (base 14) in base 16?
-d1
Convert 320014 (base 5) to base 16.
298a
-1340 (base 7) to base 3
-201012
19d8c (base 14) to base 2
10000000011111000
What is -2022 (base 7) in base 14?
-382
Convert 11aa9 (base 11) to base 16.
4395
3819 (base 10) to base 11
2962
Convert -17ab (base 14) to base 16.
-10ab
870 (base 14) to base 16
682
Convert 2021 (base 3) to base 11.
56
-113320 (base 4) to base 13
-907
-166 (base 14) to base 13
-190
1100010110101000 (base 2) to base 9
76362
Convert -4277 (base 8) to base 11.
-1756
4212 (base 9) to base 8
6021
What is 2432310 (base 5) in base 7?
250660
What is -166 (base 7) in base 12?
-81
258 (base 9) to base 3
21222
1351 (base 6) to base 5
2410
Convert 7613 (base 8) to base 13.
1a71
-283 (base 16) to base 7
-1606
Convert 3451 (base 12) to base 3.
21222121
-10554 (base 6) to base 4
-113212
Convert 1021 (base 6) to base 13.
148
-204 (base 5) to base 14
-3c
Convert -871 (base 11) to base 6.
-4502
Convert -1b0 (base 13) to base 14.
-184
2001012211 (base 3) to base 9
61184
-200101120 (base 3) to base 11
-a089
Convert 2131030 (base 4) to base 2.
10011101001100
What is 5051 (base 7) in base 2?
11011010111
274 (base 8) to base 3
20222
What is -20344 (base 5) in base 4?
-111011
What is -1201 (base 11) in base 10?
-1574
Convert -751c (base 16) to base 7.
-153256
3440 (base 7) to base 8
2345
Convert 16135 (base 8) to base 6.
53341
What is 9729 (base 10) in base 11?
7345
Convert -101110011000001 (base 2) to base 7.
-126141
-576 (base 9) to base 11
-3a1
What is 6204 (base 7) in base 16?
870
Convert 101 (base 13) to base 11.
145
c4d1 (base 16) to base 4
30103101
Convert 3894 (base 11) to base 7.
20523
What is -120121000 (base 3) in base 5?
-330432
Convert -101031 (base 4) to base 15.
-4d6
What is 1984 (base 14) in base 9?
6307
What is -20a1 (base 11) in base 4?
-223111
Convert -204366 (base 7) to base 5.
-2111211
What is 1867 (base 15) in base 13?
2527
Convert 240446 (base 7) to base 6.
533052
Convert 4e00 (base 15) to base 7.
66354
What is 1111000010010001 (base 2) in base 12?
2b781
Convert 2230 (base 4) to base 8.
254
15b6 (base 14) to base 10
3884
-27a (base 12) to base 8
-576
Convert -6580 (base 9) to base 8.
-11363
What is -10101012 (base 4) in base 3?
-212222100
Convert -10a (base 16) to base 4.
-10022
-c299 (base 13) to base 5
-1324303
Convert 430 (base 11) to base 2.
1000000101
Convert 327 (base 13) to base 14.
2a8
What is 211011210 (base 3) in base 5?
1004132
Convert 10303330 (base 4) to base 5.
1112313
Convert 143600 (base 9) to base 4.
111132132
Convert -1100242 (base 5) to base 10.
-18822
Convert -700 (base 11) to base 14.
-447
Convert 18e (base 16) to base 14.
206
Convert -4664 (base 8) to base 9.
-3360
Convert 13231 (base 4) to base 14.
273
-1217 (base 8) to base 2
-1010001111
What is 111001101101010 (base 2) in base 16?
736a
What is -1bb6b (base 15) in base 16?
-160d6
What is 1040024 (base 5) in base 10?
18139
Convert a54 (base 16) to base 12.
1644
10746 (base 8) to base 6
33114
What is -15028 (base 9) in base 8?
-23770
Convert 1481 (base 12) to base 14.
c37
5b (base 16) to base 2
1011011
Convert 606 (base 7) to base 14.
176
What is 100100011111010 (base 2) in base 6?
222254
Convert 204103 (base 5) to base 11.
5102
2377 (base 8) to base 6
5531
What is -80c (base 15) in base 12?
-1070
What is -10221 (base 5) in base 14?
-370
What is -4160 (base 8) in base 5?
-32120
What is 8cf (base 16) in base 13?
1046
-10111 (base 4) to base 7
-544
17561 (base 8) to base 13
3882
Convert -6b0 (base 16) to base 14.
-8a4
-5186 (base 16) to base 3
-1001121222
-2c51 (base 14) to base 11
-5a42
-120010 (base 3) to base 16
-198
-27561 (base 8) to base 3
-121122211
What is 376 (base 15) in base 2?
1100010010
Convert 221e (base 15) to base 14.
28c5
What is 107bc (base 14) in base 6?
504550
Convert -1211100 (base 3) to base 7.
-3612
Convert 211d (base 14) to base 12.
337b
-2526 (base 7) to base 14
-4bd
Convert -302303 (base 4) to base 14.
-1283
What is -2116 (base 12) in base 4?
-320202
-1142 (base 9) to base 8
-1520
What is 75 (base 14) in base 5?
403
Convert -21230 (base 4) to base 10.
-620
Convert 44 (base 9) to base 5.
130
Convert 112200000 (base 3) to base 16.
29c4
Convert 8105 (base 16) to base 3.
1200022022
-55152 (base 6) to base 9
-11415
-35554 (base 6) to base 14
-1c62
Convert 3663 (base 7) to base 12.
960
Convert 20222 (base 4) to base 12.
3a2
25e (base 16) to base 6
2450
2323 (base 5) to base 12
242
What is 206 (base 16) in base 3?
201012
-1404 (base 7) to base 9
-663
What is 114 (base 6) in base 8?
56
-1c97 (base 14) to base 16
-146d
What is 21b9 (base 12) in base 16?
e9d
11012121 (base 3) to base 10
3067
33023 (base 4) to base 5
12341
Convert 3b3 (base 12) to base 5.
4232
Convert 5a20 (base 12) to base 3.
111212020
3042 (base 11) to base 14
1687
Convert -29039 (base 11) to base 4.
-22011113
Convert 3dba (base 14) to base 13.
4c9b
What is 54033 (base 7) in base 13?
613b
What is -5986 (base 13) in base 7?
-51532
What is 10591 (base 14) in base 5?
2231043
-626 (base 7) to base 13
-1b2
-1032 (base 6) to base 14
-12c
Convert -210112110 (base 3) to base 14.
-5a15
-32451 (base 6) to base 8
-10617
What is -2956 (base 11) in base 9?
-5205
Convert -2a25 (base 15) to base 10.
-9035
-22212013 (base 4) to base 11
-2a674
What is -642 (base 14) in base 13?
-73c
121102000 (base 3) to base 13
55a1
Convert 110010111 (base 3) to base 5.
240332
What is -2230 (base 7) in base 3?
-1002211
Convert 102121 (base 5) to base 12.
1b83
Convert -363 (base 10) to base 5.
-2423
360445 (base 7) to base 11
44972
What is -4334 (base 5) in base 11?
-4a0
Convert -2574 (base 11) to base 14.
-1312
What is -94b0 (base 12) in base 6?
-203140
Convert 5524 (base 12) to base 7.
36241
Convert 161 (base 13) to base 11.
206
1a4a (base 12) to base 8
6232
What is 1410 (base 10) in base 4?
112002
What is 8031 (base 16) in base 11?
22724
What is 34737 (base 11) in base 14?
143b0
-353 (base 13) to base 2
-1000111111
What is -80 (base 14) in base 10?
-112
1401 (base 6) to base 4
11221
What is 2602 (base 14) in base 9?
10126
1c72 (base 14) to base 9
7113
What is -1000111011001001 (base 2) in base 9?
-55124
-14 (base 6) to base 14
-a
Convert 1075d (base 14) to base 5.
2233441
What is -2120211022 (base 3) in base 6?
-1031355
Convert 15b9 (base 13) to base 6.
22442
